u) = 5*a(u) + 2*o(u). What are the prime factors of n(-1)?
2, 19
Suppose -4*d = -2*f - 6, 3*f - 4*d + 4 = 3. Let j be (1/(-2))/(2/8). What are the prime factors of j/f - (-1414)/35?
2, 5
Suppose 9*y + 45*y = 175554. What are the prime factors of y?
3251
Let a(l) = 1141*l**3 - 3*l + 2. Let r be a(1). Suppose 0 = -6*h + 12*h - r. List the prime factors of h.
2, 5, 19
Let g = -25 + 19. Let i(d) = -d**3 - 5*d**2 - 2*d - 12. Let c be i(g). Suppose s + 10 = 2*r + c, -s = 3*r - 41. What are the prime factors of s?
2
Let u(w) = 3*w**2 + 2*w - 1. Let d be u(1). Suppose -5*v + 5*n = -175, -d*v - 3*n + 112 = -0*n. Suppose 35*z = v*z + 172. List the prime factors of z.
43
Let b = -1105 + 1697. Let k = 845 - b. What are the prime factors of k?
11, 23
Let b = -583 - -1050. List the prime factors of b.
467
Suppose -b = -3*b. Suppose -1 = 5*o + 4*v + 1, b = 3*o - 4*v + 14. What are the prime factors of 3 - (2 + -4 - o)?
3
Let c(f) = f**2 - f. Let x(u) = 5*u**2 - u + 9. Let a(n) = -3*c(n) + x(n). What are the prime factors of a(-5)?
7
Suppose 8064 = -6*n - 3*n. Suppose 4*u = -2*f + 296, -2*f - 143 = -3*u + 65. List the prime factors of n/(-18) + 16/u.
2, 5
Let y be 36/16 + 1/(-4). Suppose 0*o + y*o = 10. Suppose -o*k = -8*k + 45. What are the prime factors of k?
3, 5
Let w = -92 + 193. List the prime factors of w.
101
What are the prime factors of (1095/(-20))/((-3)/8)?
2, 73
Suppose -110 = -5*b + 2*j - 41, 0 = -4*b + j + 57. Let f be 20/6 + (-5)/b. Suppose 4*c + 5*w - 251 = 0, w = f*w - 6. What are the prime factors of c?
59
Let p(v) = v**3 + 18*v**2 + v + 22. Let w be p(-18). Suppose -l - w*l = -895. List the prime factors of l.
179
Suppose 48 + 102 = 10*t. Let x(z) = -8*z + 77. Let o(d) = 3*d - 26. Let h(i) = 11*o(i) + 4*x(i). List the prime factors of h(t).
37
Let j = 253 + -98. What are the prime factors of j?
5, 31
List the prime factors of (-6)/(-9) + 295540/84.
3, 17, 23
Suppose -3*v - 375 = -n + 1159, -3*n + 4582 = -5*v. List the prime factors of n.
7, 31
Let v = 8 - 3. Suppose -3*k - v*c + 24 = 0, 5*k - 3*k = -c + 9. List the prime factors of 1 - 2/(1 - k).
2
Let k be (-24)/(-3) + (-4)/2. Suppose d - 7 = k. List the prime factors of d.
13
Suppose 11*l + 544 = 12*l. What are the prime factors of l/5 - (-2)/(8 - -2)?
109
Let i be (3/1)/((-1178)/(-392) + -3). Suppose -i = -6*v - 72. List the prime factors of v.
2, 43
Suppose -6*i = -194 - 604. List the prime factors of i.
7, 19
Let t = -4 - -16. Suppose t*m - 12 = 8*m. Suppose -2*r - m*r = -5, 5*f = -r + 121. What are the prime factors of f?
2, 3
Let o = 4744 - 3362. What are the prime factors of o?
2, 691
Suppose 29*n = 37*n - 5240. What are the prime factors of n?
5, 131
Let g = -7431 - -12321. What are the prime factors of g?
2, 3, 5, 163
Let l be (-2)/(-4) + 1/2. Let m = 11 + l. Suppose 0*i + 3*i + m = 0, 14 = 3*q + i. List the prime factors of q.
2, 3
Let l be 0 + (0 - 2) - -11. Let w(r) = 3*r**3 + 7*r + l*r**2 - 1 - 2*r**3 + 5. What are the prime factors of w(-8)?
2, 3
Suppose 6*h = h. Let u be (-3)/(-1) - (3 - h). What are the prime factors of u + (1 - (-5 + 3))?
3
Suppose -13*b - 15 = -8*b. Let s = 259 + b. List the prime factors of s.
2
Let u = -362 - -527. What are the prime factors of u?
3, 5, 11
Suppose 13*i - 13994 = 25929. List the prime factors of i.
37, 83
Let m(w) = -35*w + 237. What are the prime factors of m(-14)?
727
Let y = 16 + -5. Let q(c) = 22*c - 6 - y*c - c. What are the prime factors of q(6)?
2, 3
Let a = -34 - -26. Let n be (-60)/a*6/9. Suppose -5*j = -n*g + 90, -g + 3*g - 5*j - 33 = 0. What are the prime factors of g?
19
Let c(h) be the third derivative of 7*h**6/144 + h**5/120 + 5*h**4/12 + 2*h**2. Let n(u) be the second derivative of c(u). What are the prime factors of n(1)?
2, 3
Suppose -12 - 3 = -5*h. What are the prime factors of h/((-9)/(-39)) + -3 + 3?
13
Suppose 3*v = 4*v - 6. Suppose -v*c + 157 = -251. What are the prime factors of c?
2, 17
Suppose -c = -u + 1099, 0 = -6*c + c + 5. List the prime factors of u.
2, 5, 11
Suppose -17*o + 15*o = -6, -3*t + 7749 = 5*o. What are the prime factors of t?
2, 1289
Let v = 150 - -54. What are the prime factors of v?
2, 3, 17
Let q(u) = u**2 + 5*u + 5. Let i be q(-5). Let m(l) = 6*l - 8. Let c be m(4). Let v = c + i. List the prime factors of v.
3, 7
Let d(t) = 22*t - 9. Let g(x) = -2*x - 18. Let h be g(-11). List the prime factors of d(h).
79
Let l be 1/2*(11 - 1). Suppose 4*r - 8 = -2*s, -s - 3*r - 4 = -l*r. Suppose 0 = -s*d - 4*d + 20. What are the prime factors of d?
5
Let v(r) = -14*r - 10. Let p be v(8). Let d = -238 + 420. Let k = p + d. List the prime factors of k.
2, 3, 5
Suppose -2*d + 3*q + 801 = d, -16 = 4*q. Suppose -2*t + 87 = -d. What are the prime factors of t?
5, 7
Let l be (-3)/9 - 490/(-21). Suppose -19 = -7*g + l. List the prime factors of g.
2, 3
Suppose -5*x = -10*x + 15. Suppose -x*a - 8 = 10. List the prime factors of ((-10)/a + -2)*-30.
2, 5
Suppose -34 = -2*w - 5*q + 9, 0 = 3*w + q - 58. What are the prime factors of w?
19
Let z(t) = 3*t - 18. Let s be z(8). Suppose -1530 = -s*p - 3*p. What are the prime factors of p?
2, 5, 17
Let g be (-1 - -5)*-3*512/(-2). Suppose -g = -11*h - 311. List the prime factors of h.
251
Suppose -4*j - 31 = -7. What are the prime factors of 66 + 6/(j/(-3))?
3, 23
Let l be (5 + -1)/((-6)/(-9)). Let k be 9/6 - l/4. Suppose -c - 2*c + 81 = k. What are the prime factors of c?
3
Let n be ((-4)/(-6))/(12/(-9))*-42. Suppose 2*q - 9 = n. List the prime factors of q.
3, 5
Suppose 10*x + 5*x = 90. Suppose x*s - 1078 = -s. What are the prime factors of s?
2, 7, 11
Let v(x) = 12*x - 13. Let p(i) = -12*i + 14. Let o(n) = -5*p(n) - 4*v(n). What are the prime factors of o(7)?
2, 3, 11
Suppose -3*t + 8*t + 2*u + 666 = 0, -t + u - 129 = 0. List the prime factors of (t/10)/(20/(-50)).
3, 11
Suppose -4*m + 3*m + 3 = 0. Let y(q) = -4*q**3 + q**2 - 1. Let k be y(-1). Suppose 4*t = -2*v + 22, -m*t - k*v + 12 = -12. List the prime factors of t.
2
Suppose -5*b + 606 = -8*b. Let g = 339 + b. What are the prime factors of g?
137
Let m be (-16)/12*3 + -1. Let s(l) = 2*l**2 + 2. Let t(n) = n**2 + 1. Let p(f) = -s(f) + 4*t(f). What are the prime factors of p(m)?
2, 13
Let u(i) = i. Let c be u(4). Suppose -c*g + 26 = m, 4*m + 3*g - 147 = -m. List the prime factors of m.
2, 3, 5
What are the prime factors of 240/(-280) + 2 + 41236/7?
2, 3, 491
Let i(b) = -6*b - 27. Let r(t) = -2*t - 9. Let m(s) = 3*i(s) - 8*r(s). Let o be m(-7). What are the prime factors of o/((-15)/(-4))*18?
2, 3
Let q = 1633 + -888. What are the prime factors of q?
5, 149
Let t(b) = -b**2 - 15*b + 14. Let a be t(-16). Let g be (7/(-21))/(a/42). Let l(y) = y**3 - 6*y**2 + 2*y - 11. What are the prime factors of l(g)?
2, 13
Suppose z - 5*m - 209 = -z, -3*z + 5*m = -321. Let u = -174 + 179. Suppose -u*t + z = -138. What are the prime factors of t?
2, 5
Let s = 11 + -11. Suppose s*i - i = -88. What are the prime factors of ((-2)/(-4))/(2/i)?
2, 11
Let j(t) = 4*t**2 - 7*t - 3. List the prime factors of j(13).
2, 3, 97
Suppose -z - 153 = 2*z. Let u = 7 - z. List the prime factors of u.
2, 29
List the prime factors of (-3)/(-12) - (-26015)/20*1.
1301
Let y(c) = c + 4. Let d be y(0). Suppose -3*m = 4*q + 97, 3*m - d = 11. Let n = -14 - q. List the prime factors of n.
2, 7
Let p be 4/(-2) + 2/(-2)*55. Let h = p - -218. What are the prime factors of h?
7, 23
Suppose -17*k - 360 = -13*k. What are the prime factors of k/(-4)*18/5?
3
Suppose 2*f = -0*l - 5*l - 28, l + 12 = -2*f. List the prime factors of (-64 + 17)/(2/f).
2, 47
Let y(s) = -19*s - 42. What are the prime factors of y(-17)?
281
Let a = 17 - 17. Suppose -20 = -2*n - a*n. Suppose n = q - 18. List the prime factors of q.
2, 7
Let r(y) = -y**2 + 7*y - 2. Let o be r(7). Let d be ((-5 - -3) + 0)/o. List the prime factors of (13 - 12) + d*42.
43
Let v = -15 + 23. List the prime factors of (v/(-10))/((-9)/405).
2, 3
Let q(f) = 861*f**2 + 21*f + 21. List the prime factors of q(-1).
3, 7, 41
Let v = 116 + 164. List the prime factors of v.
2, 5, 7
Suppose 4*w - 2*d - 14 = -7*d, 4*w + d - 22 = 0. Suppose w*f + 295 = 11*f - 3*o, -2*o = 4*f - 214. What are the prime factors of f?
2, 7
Let g be (-2)/15 - 544/(-255). Suppose g*w + 7*n - 44 = 2*n, -2*n = 2*w - 56. List the prime factors of w.
2
